{"id":331,"date":"2022-01-17T14:07:03","date_gmt":"2022-01-17T13:07:03","guid":{"rendered":"https:\/\/test.sp-ps.ch\/?page_id=331"},"modified":"2022-08-08T15:12:20","modified_gmt":"2022-08-08T13:12:20","slug":"unsere-werte","status":"publish","type":"page","link":"https:\/\/ps-fr.ch\/de\/wofuer-wir-stehen\/unsere-werte\/","title":{"rendered":"Unsere Werte"},"content":{"rendered":"\t\t<div data-elementor-type=\"wp-page\" data-elementor-id=\"331\" class=\"elementor elementor-331\" data-elementor-post-type=\"page\">\n\t\t\t\t\t\t<section class=\"elementor-section elementor-top-section elementor-element elementor-element-64b3965 elementor-section-boxed elementor-section-height-default elementor-section-height-default\" data-id=\"64b3965\" data-element_type=\"section\" data-settings=\"{&quot;jet_parallax_layout_list&quot;:[],&quot;background_background&quot;:&quot;classic&quot;}\">\n\t\t\t\t\t\t<div class=\"elementor-container elementor-column-gap-wide\">\n\t\t\t\t\t<div class=\"elementor-column elementor-col-100 elementor-top-column elementor-element elementor-element-238dc27\" data-id=\"238dc27\" data-element_type=\"column\">\n\t\t\t<div class=\"elementor-widget-wrap elementor-element-populated\">\n\t\t\t\t\t\t<div class=\"elementor-element elementor-element-98b893b elementor-widget elementor-widget-heading\" data-id=\"98b893b\" data-element_type=\"widget\" data-widget_type=\"heading.default\">\n\t\t\t\t<div class=\"elementor-widget-container\">\n\t\t\t\t\t<h1 class=\"elementor-heading-title elementor-size-default\">Unsere Werte<\/h1>\t\t\t\t<\/div>\n\t\t\t\t<\/div>\n\t\t\n\t\t<div class=\"elementor-element elementor-element-2ed580e elementor-widget elementor-widget-jet-breadcrumbs\" data-id=\"2ed580e\" data-element_type=\"widget\" data-widget_type=\"jet-breadcrumbs.default\">\n\t\t\t\t<div class=\"elementor-widget-container\">\n\t\t\t\t\t<div class=\"elementor-jet-breadcrumbs jet-blocks\">\n\t\t<div class=\"jet-breadcrumbs\">\n\t\t<div class=\"jet-breadcrumbs__content\">\n\t\t<div class=\"jet-breadcrumbs__wrap\">\n\t\t<\/div>\n\t\t<\/div>\n\t\t<\/div><\/div>\t\t\t\t<\/div>\n\t\t\t\t<\/div>\n\t\t\t\t<div class=\"elementor-element elementor-element-735bcc7 elementor-widget elementor-widget-text-editor\" data-id=\"735bcc7\" data-element_type=\"widget\" data-widget_type=\"text-editor.default\">\n\t\t\t\t<div class=\"elementor-widget-container\">\n\t\t\t\t\t\t\t\t\t<p>\u00abDie St\u00e4rke des Volkes misst sich am Wohl der Schwachen\u00bb, steht in unserer Bundesverfassung. Wir stehen f\u00fcr eine Gesellschaft ein, in der sich jede und jeder frei entfalten kann. Eine Gesellschaft, in der aber ein soziales Netz da ist, das verhindert, dass jemand durch die Maschen f\u00e4llt.<\/p>\t\t\t\t\t\t\t\t<\/div>\n\t\t\t\t<\/div>\n\t\t\t\t\t<\/div>\n\t\t<\/div>\n\t\t\t\t\t<\/div>\n\t\t<\/section>\n\t\t\t\t<section class=\"elementor-section elementor-top-section elementor-element elementor-element-d9f30bb elementor-section-boxed elementor-section-height-default elementor-section-height-default\" data-id=\"d9f30bb\" data-element_type=\"section\" data-settings=\"{&quot;jet_parallax_layout_list&quot;:[]}\">\n\t\t\t\t\t\t<div class=\"elementor-container elementor-column-gap-wide\">\n\t\t\t\t\t<div class=\"elementor-column elementor-col-100 elementor-top-column elementor-element elementor-element-a609a93\" data-id=\"a609a93\" data-element_type=\"column\">\n\t\t\t<div class=\"elementor-widget-wrap elementor-element-populated\">\n\t\t\t\t\t\t<div class=\"elementor-element elementor-element-1cc6ddb elementor-widget elementor-widget-spps_button_list\" data-id=\"1cc6ddb\" data-element_type=\"widget\" data-widget_type=\"spps_button_list.default\">\n\t\t\t\t<div class=\"elementor-widget-container\">\n\t\t\t\t\t<div class=\"button-list-wrapper wrapper-spacing-default  \"><div class=\"button-list-title\"><h2>Unsere Werte<\/h2><\/div><div class=\"button-list-container\"><div class=\"button-list-text\"><p>\u00abDie St\u00e4rke des Volkes misst sich am Wohl der Schwachen\u00bb, steht in unserer Bundesverfassung. Wir stehen f\u00fcr eine Gesellschaft ein, in der sich jede und jeder frei entfalten kann. Eine Gesellschaft, in der aber ein soziales Netz da ist, das verhindert, dass jemand durch die Maschen f\u00e4llt.\u00a0Die SP will eine Wirtschaft, die f\u00fcr die Menschen da ist und nicht umgekehrt. Wer in der reichen Schweiz arbeitet, soll von seinem Lohn leben k\u00f6nnen. Wir sind \u00fcberzeugt, dass wir weiter kommen, wenn nicht nur jeder f\u00fcr sich selber schaut. Die Schweiz hat ein solides soziales Netz und gute \u00f6ffentliche Infrastrukturen. Dazu hat die SP viel beigetragen. Ohne SP g\u00e4be es keine AHV, keine Mutterschaftsversicherung und kein Frauenstimmrecht.<\/p><blockquote><p><strong>Die SP macht seit \u00fcber 125 Jahren Politik f\u00fcr alle, statt f\u00fcr ein paar wenige Privilegierte. Wir sagen Ja zu einer Schweiz des Miteinanders statt des Gegeneinanders.<\/strong><\/p><\/blockquote><p>Doch wir wollen uns mit dem Erreichten nicht zufriedengeben. Wir sind \u00fcberzeugt, dass die Schweiz gerechter, innovativer und fortschrittlicher werden kann. Wenn wir konsequent auf erneuerbare Energien setzen, dann sch\u00fctzen wir unsere Umwelt und schaffen nachhaltige und innovative Arbeitspl\u00e4tze. Wenn wir auf Bildung und Integration setzen, dann schaffen wir Perspektiven und verhindern Arbeitslosigkeit. Wenn wir in den genossenschaftlichen Wohnungsbau investieren, dann helfen wir mit, Boden der Spekulation zu entziehen und sorgen f\u00fcr zahlbare Wohnungen. Kurz: Die SP macht eine Politik f\u00fcr alle statt f\u00fcr wenige.<\/p><\/div><\/div><\/div>\t\t\t\t<\/div>\n\t\t\t\t<\/div>\n\t\t\t\t<div class=\"elementor-element elementor-element-18d09c4 elementor-widget elementor-widget-spps_button_list\" data-id=\"18d09c4\" data-element_type=\"widget\" data-widget_type=\"spps_button_list.default\">\n\t\t\t\t<div class=\"elementor-widget-container\">\n\t\t\t\t\t<div class=\"button-list-wrapper wrapper-spacing-small  \"><div class=\"button-list-title\"><h3>Informationen zur SP<\/h3><\/div><div class=\"button-list-container\"><\/div><\/div>\t\t\t\t<\/div>\n\t\t\t\t<\/div>\n\t\t\t\t\t<\/div>\n\t\t<\/div>\n\t\t\t\t\t<\/div>\n\t\t<\/section>\n\t\t\t\t<\/div>\n\t\t","protected":false},"excerpt":{"rendered":"<p>Unsere Werte \u00abDie St\u00e4rke des Volkes misst sich am Wohl der Schwachen\u00bb, steht in unserer Bundesverfassung. Wir stehen f\u00fcr eine Gesellschaft ein, in der sich jede und jeder frei entfalten [&hellip;]<\/p>\n","protected":false},"author":1,"featured_media":0,"parent":14,"menu_order":0,"comment_status":"closed","ping_status":"closed","template":"","meta":{"footnotes":""},"class_list":["post-331","page","type-page","status-publish","hentry"],"_links":{"self":[{"href":"https:\/\/ps-fr.ch\/de\/wp-json\/wp\/v2\/pages\/331","targetHints":{"allow":["GET"]}}],"collection":[{"href":"https:\/\/ps-fr.ch\/de\/wp-json\/wp\/v2\/pages"}],"about":[{"href":"https:\/\/ps-fr.ch\/de\/wp-json\/wp\/v2\/types\/page"}],"author":[{"embeddable":true,"href":"https:\/\/ps-fr.ch\/de\/wp-json\/wp\/v2\/users\/1"}],"replies":[{"embeddable":true,"href":"https:\/\/ps-fr.ch\/de\/wp-json\/wp\/v2\/comments?post=331"}],"version-history":[{"count":0,"href":"https:\/\/ps-fr.ch\/de\/wp-json\/wp\/v2\/pages\/331\/revisions"}],"up":[{"embeddable":true,"href":"https:\/\/ps-fr.ch\/de\/wp-json\/wp\/v2\/pages\/14"}],"wp:attachment":[{"href":"https:\/\/ps-fr.ch\/de\/wp-json\/wp\/v2\/media?parent=331"}],"curies":[{"name":"wp","href":"https:\/\/api.w.org\/{rel}","templated":true}]}}

<div data-elementor-type="wp-page" data-elementor-id="331" class="elementor elementor-331" data-elementor-post-type="page">
						<section class="elementor-section elementor-top-section elementor-element elementor-element-64b3965 elementor-section-boxed elementor-section-height-default elementor-section-height-default" data-id="64b3965" data-element_type="section" data-settings="{&quot;jet_parallax_layout_list&quot;:[],&quot;background_background&quot;:&quot;classic&quot;}">
						<div class="elementor-container elementor-column-gap-wide">
					<div class="elementor-column elementor-col-100 elementor-top-column elementor-element elementor-element-238dc27" data-id="238dc27" data-element_type="column">
			<div class="elementor-widget-wrap elementor-element-populated">
						<div class="elementor-element elementor-element-98b893b elementor-widget elementor-widget-heading" data-id="98b893b" data-element_type="widget" data-widget_type="heading.default">
				<div class="elementor-widget-container">
					<h1 class="elementor-heading-title elementor-size-default">Unsere Werte</h1>				</div>
				</div>
		
		<div class="elementor-element elementor-element-2ed580e elementor-widget elementor-widget-jet-breadcrumbs" data-id="2ed580e" data-element_type="widget" data-widget_type="jet-breadcrumbs.default">
				<div class="elementor-widget-container">
					<div class="elementor-jet-breadcrumbs jet-blocks">
		<div class="jet-breadcrumbs">
		<div class="jet-breadcrumbs__content">
		<div class="jet-breadcrumbs__wrap">
		</div>
		</div>
		</div></div>				</div>
				</div>
				<div class="elementor-element elementor-element-735bcc7 elementor-widget elementor-widget-text-editor" data-id="735bcc7" data-element_type="widget" data-widget_type="text-editor.default">
				<div class="elementor-widget-container">
									<p>«Die Stärke des Volkes misst sich am Wohl der Schwachen», steht in unserer Bundesverfassung. Wir stehen für eine Gesellschaft ein, in der sich jede und jeder frei entfalten kann. Eine Gesellschaft, in der aber ein soziales Netz da ist, das verhindert, dass jemand durch die Maschen fällt.</p>								</div>
				</div>
					</div>
		</div>
					</div>
		</section>
				<section class="elementor-section elementor-top-section elementor-element elementor-element-d9f30bb elementor-section-boxed elementor-section-height-default elementor-section-height-default" data-id="d9f30bb" data-element_type="section" data-settings="{&quot;jet_parallax_layout_list&quot;:[]}">
						<div class="elementor-container elementor-column-gap-wide">
					<div class="elementor-column elementor-col-100 elementor-top-column elementor-element elementor-element-a609a93" data-id="a609a93" data-element_type="column">
			<div class="elementor-widget-wrap elementor-element-populated">
						<div class="elementor-element elementor-element-1cc6ddb elementor-widget elementor-widget-spps_button_list" data-id="1cc6ddb" data-element_type="widget" data-widget_type="spps_button_list.default">
				<div class="elementor-widget-container">
					<div class="button-list-wrapper wrapper-spacing-default  "><div class="button-list-title"><h2>Unsere Werte</h2></div><div class="button-list-container"><div class="button-list-text"><p>«Die Stärke des Volkes misst sich am Wohl der Schwachen», steht in unserer Bundesverfassung. Wir stehen für eine Gesellschaft ein, in der sich jede und jeder frei entfalten kann. Eine Gesellschaft, in der aber ein soziales Netz da ist, das verhindert, dass jemand durch die Maschen fällt. Die SP will eine Wirtschaft, die für die Menschen da ist und nicht umgekehrt. Wer in der reichen Schweiz arbeitet, soll von seinem Lohn leben können. Wir sind überzeugt, dass wir weiter kommen, wenn nicht nur jeder für sich selber schaut. Die Schweiz hat ein solides soziales Netz und gute öffentliche Infrastrukturen. Dazu hat die SP viel beigetragen. Ohne SP gäbe es keine AHV, keine Mutterschaftsversicherung und kein Frauenstimmrecht.</p><blockquote><p><strong>Die SP macht seit über 125 Jahren Politik für alle, statt für ein paar wenige Privilegierte. Wir sagen Ja zu einer Schweiz des Miteinanders statt des Gegeneinanders.</strong></p></blockquote><p>Doch wir wollen uns mit dem Erreichten nicht zufriedengeben. Wir sind überzeugt, dass die Schweiz gerechter, innovativer und fortschrittlicher werden kann. Wenn wir konsequent auf erneuerbare Energien setzen, dann schützen wir unsere Umwelt und schaffen nachhaltige und innovative Arbeitsplätze. Wenn wir auf Bildung und Integration setzen, dann schaffen wir Perspektiven und verhindern Arbeitslosigkeit. Wenn wir in den genossenschaftlichen Wohnungsbau investieren, dann helfen wir mit, Boden der Spekulation zu entziehen und sorgen für zahlbare Wohnungen. Kurz: Die SP macht eine Politik für alle statt für wenige.</p></div></div></div>				</div>
				</div>
				<div class="elementor-element elementor-element-18d09c4 elementor-widget elementor-widget-spps_button_list" data-id="18d09c4" data-element_type="widget" data-widget_type="spps_button_list.default">
				<div class="elementor-widget-container">
					<div class="button-list-wrapper wrapper-spacing-small  "><div class="button-list-title"><h3>Informationen zur SP</h3></div><div class="button-list-container"></div></div>				</div>
				</div>
					</div>
		</div>
					</div>
		</section>
				</div>

<p>Unsere Werte «Die Stärke des Volkes misst sich am Wohl der Schwachen», steht in unserer Bundesverfassung. Wir stehen für eine Gesellschaft ein, in der sich jede und jeder frei entfalten [&hellip;]</p>
