{"id":85743,"date":"2019-03-18T00:00:00","date_gmt":"2019-03-17T23:00:00","guid":{"rendered":"https:\/\/spfr.spschweiz.ch\/elias-moussa\/"},"modified":"2019-03-18T00:00:00","modified_gmt":"2019-03-17T23:00:00","slug":"elias-moussa","status":"publish","type":"page","link":"https:\/\/ps-fr.ch\/de\/elias-moussa\/","title":{"rendered":"Elias Moussa"},"content":{"rendered":"\t\t<div data-elementor-type=\"wp-post\" data-elementor-id=\"85743\" class=\"elementor elementor-85743\" data-elementor-post-type=\"page\">\n\t\t\t\t\t\t<section class=\"elementor-section elementor-top-section elementor-element elementor-element-642b711f217d7 elementor-section-boxed elementor-section-height-default elementor-section-height-default\" data-id=\"642b711f217d7\" data-element_type=\"section\" data-settings=\"{&quot;jet_parallax_layout_list&quot;:[]}\">\n\t\t\t\t\t\t<div class=\"elementor-container elementor-column-gap-no\">\n\t\t\t\t\t<div class=\"elementor-column elementor-col-100 elementor-top-column elementor-element elementor-element-642b711f217d8\" data-id=\"642b711f217d8\" data-element_type=\"column\">\n\t\t\t<div class=\"elementor-widget-wrap elementor-element-populated\">\n\t\t\t\t\n\t\t<div class=\"elementor-element elementor-element-642b711f217d2 elementor-widget elementor-widget-text-editor\" data-id=\"642b711f217d2\" data-element_type=\"widget\" data-widget_type=\"text-editor.default\">\n\t\t\t\t<div class=\"elementor-widget-container\">\n\t\t\t\t\t\t\t\t\t<p>Rechtsanwalt<br>35 Jahre alt&nbsp;<h3>Politische Mandate<\/h3><p>&nbsp;<\/p><ul>\t<li>Grossrat (Mitglied der Finanz- und Gesch&auml;ftspr&uuml;fungskommission)<\/li>\t<li>Generalrat in der Stadt Freiburg (ehem. Mitglied der Finanzkommission und ehem. Fraktionspr&auml;sident)<\/li>\t<li>Mitglied des Burgerrats der STadt Freiburg<\/li>\t<li>Vize-Pr&auml;sident des Verwaltungsrats der KGV<\/li>\t<li>Stitfungsrat der Stiftung CIS Centre d&#8217;int&eacute;gration socioprofessionnelle<\/li>\t<li>Pr&auml;sident des Vereins ESAD Aethiopien-Schweiz Verein f&uuml;r Entwicklung<\/li><\/ul><h3>Wahlkreis<\/h3><p>Stadt-Freiburg<\/p><\/p>\n\t\t\t\t\t\t\t\t<\/div>\n\t\t\t\t<\/div>\n\t\t\t\t\t<\/div>\n\t\t<\/div>\n\t\t\t\t\t<\/div>\n\t\t<\/section>\n\t\t\t\t<\/div>\n\t\t","protected":false},"excerpt":{"rendered":"<p>Rechtsanwalt35 Jahre alt&nbsp; Politische Mandate &nbsp; Grossrat (Mitglied der Finanz- und Gesch\u00e4ftspr\u00fcfungskommission) Generalrat in der Stadt Freiburg (ehem. Mitglied der Finanzkommission und ehem. Fraktionspr\u00e4sident) Mitglied des Burgerrats der STadt Freiburg [&hellip;]<\/p>\n","protected":false},"author":4,"featured_media":85744,"parent":0,"menu_order":0,"comment_status":"closed","ping_status":"closed","template":"","meta":{"footnotes":""},"class_list":["post-85743","page","type-page","status-publish","has-post-thumbnail","hentry"],"_links":{"self":[{"href":"https:\/\/ps-fr.ch\/de\/wp-json\/wp\/v2\/pages\/85743","targetHints":{"allow":["GET"]}}],"collection":[{"href":"https:\/\/ps-fr.ch\/de\/wp-json\/wp\/v2\/pages"}],"about":[{"href":"https:\/\/ps-fr.ch\/de\/wp-json\/wp\/v2\/types\/page"}],"author":[{"embeddable":true,"href":"https:\/\/ps-fr.ch\/de\/wp-json\/wp\/v2\/users\/4"}],"replies":[{"embeddable":true,"href":"https:\/\/ps-fr.ch\/de\/wp-json\/wp\/v2\/comments?post=85743"}],"version-history":[{"count":0,"href":"https:\/\/ps-fr.ch\/de\/wp-json\/wp\/v2\/pages\/85743\/revisions"}],"wp:featuredmedia":[{"embeddable":true,"href":"https:\/\/ps-fr.ch\/de\/wp-json\/wp\/v2\/media\/85744"}],"wp:attachment":[{"href":"https:\/\/ps-fr.ch\/de\/wp-json\/wp\/v2\/media?parent=85743"}],"curies":[{"name":"wp","href":"https:\/\/api.w.org\/{rel}","templated":true}]}}

<p>Rechtsanwalt35 Jahre alt&nbsp; Politische Mandate &nbsp; Grossrat (Mitglied der Finanz- und Geschäftsprüfungskommission) Generalrat in der Stadt Freiburg (ehem. Mitglied der Finanzkommission und ehem. Fraktionspräsident) Mitglied des Burgerrats der STadt Freiburg [&hellip;]</p>
